ousands digit of 61278226?
7
What is the millions digit of 5703718?
5
What is the billions digit of 5424291766?
5
What is the tens digit of 1650415900?
0
What is the hundred thousands digit of 2545840385?
8
What is the hundreds digit of 4152312309?
3
What is the ten thousands digit of 106062200?
6
What is the tens digit of 23822740?
4
What is the ten millions digit of 26043689?
2
What is the ten thousands digit of 92821581?
2
What is the hundred thousands digit of 24983878?
9
What is the thousands digit of 41835567?
5
What is the tens digit of 29110830?
3
What is the units digit of 764464305?
5
What is the ten millions digit of 1425222585?
2
What is the ten thousands digit of 113740341?
4
What is the ten thousands digit of 4321646019?
4
What is the billions digit of 1704959461?
1
What is the tens digit of 2829313?
1
What is the hundreds digit of 6285579977?
9
What is the millions digit of 114266010?
4
What is the ten thousands digit of 467858296?
5
What is the units digit of 2090327942?
2
What is the tens digit of 49372964?
6
What is the thousands digit of 57622729?
2
What is the billions digit of 8502834302?
8
What is the millions digit of 34601843?
4
What is the millions digit of 508569473?
8
What is the ten thousands digit of 4351862710?
6
What is the ten millions digit of 35198912?
3
What is the tens digit of 236905933?
3
What is the hundreds digit of 2335588491?
4
What is the ten thousands digit of 31183317?
8
What is the ten millions digit of 43391725?
4
What is the thousands digit of 132013693?
3
What is the tens digit of 48300554?
5
What is the ten millions digit of 51311117?
5
What is the ten millions digit of 57353155?
5
What is the units digit of 40663160?
0
What is the hundreds digit of 288367178?
1
What is the hundreds digit of 9150983010?
0
What is the tens digit of 1709821034?
3
What is the millions digit of 39065143?
9
What is the tens digit of 29732126?
2
What is the millions digit of 663606869?
3
What is the thousands digit of 3954509?
4
What is the ten millions digit of 117377587?
1
What is the thousands digit of 4131029992?
9
What is the hundreds digit of 1207536455?
4
What is the hundred millions digit of 116516943?
1
What is the hundred thousands digit of 140154817?
1
What is the units digit of 92881442?
2
What is the hundred thousands digit of 3276371185?
3
What is the millions digit of 127863218?
7
What is the ten millions digit of 408068439?
0
What is the hundred thousands digit of 46703053?
7
What is the hundred thousands digit of 245587352?
5
What is the hundred millions digit of 694894085?
6
What is the hundred thousands digit of 36560269?
5
What is the tens digit of 2860276724?
2
What is the hundreds digit of 100017033?
0
What is the tens digit of 186316939?
3
What is the units digit of 1483017576?
6
What is the ten thousands digit of 501447166?
4
What is the units digit of 1742286316?
6
What is the billions digit of 2207588995?
2
What is the units digit of 22926728?
8
What is the thousands digit of 642767760?
7
What is the hundred millions digit of 2380527030?
3
What is the ten thousands digit of 54566359?
6
What is the millions digit of 485721811?
5
What is the units digit of 43700885?
5
What is the tens digit of 39454421?
2
What is the millions digit of 194957657?
4
What is the hundred thousands digit of 101788303?
7
What is the millions digit of 741836009?
1
What is the hundreds digit of 430291402?
4
What is the units digit of 41771408?
8
What is the thousands digit of 331112720?
2
What is the hundreds digit of 66464591?
5
What is the hundred millions digit of 2142375965?
1
What is the hundreds digit of 87583589?
5
What is the billions digit of 3868474972?
3
What is the hundreds digit of 1544660557?
5
What is the millions digit of 25186145?
5
What is the units digit of 2665870771?
1
What is the hundreds digit of 49792190?
1
What is the ten thousands digit of 582602976?
0
What is the hundred thousands digit of 933937350?
9
What is the thousands digit of 4689175953?
5
What is the millions digit of 4513567435?
3
What is the ten thousands digit of 1801334?
0
What is the units digit of 59247908?
8
What is the ten thousands digit of 93570624?
7
What is the ten millions digit of 65030688?
6
What is the hundred thousands digit of 128287082?
2
What is the ten millions digit of 1825735668?
2
What is the millions digit of 5059638?
5
What is the tens digit of 405835315?
1
What is the hundred thousands digit of 168839586?
8
What is the units digit of 5776876216?
6
What is the tens digit of 121011690?
9
What is the units digit of 1572144053?
3
What is the ten thousands digit of 7655661?
5
What is the ten thousands digit of 30067813?
6
What is the tens digit of 291827323?
2
What is the units digit of 4368389193?
3
What is the millions digit of 1905776245?
5
What is the hundred millions digit of 303640485?
3
What is the thousands digit of 6474494823?
4
What is the hundreds digit of 19150471?
4
What is the hundreds digit of 1187549536?
5
What is the hundred thousands digit of 4430371067?
3
What is the hundreds digit of 1571800771?
7
What is the thousands digit of 111289420?
9
What is the thousands digit of 47179463?
9
What is the thousands digit of 2220268453?
8
What is the ten thousands digit of 81919338?
1
What is the thousands digit of 286772141?
2
What is the ten millions digit of 23227046?
2
What is the thousands digit of 169484061?
4
What is the hundred thousands digit of 468719574?
7
What is the units digit of 32248376?
6
What is the units digit of 145126381?
1
What is the units digit of 2605290311?
1
What is the ten thousands digit of 302513648?
1
What is the billions digit of 1502826655?
1
What is the thousands digit of 174994958?
4
What is the hundreds digit of 886851213?
2
What is the ten thousands digit of 5216632?
1
What is the millions digit of 412505108?
2
What is the hundred millions digit of 1961955802?
9
What is the ten millions digit of 13033172?
1
What is the ten thousands digit of 107384092?
8
What is the ten thousands digit of 16448364?
4
What is the units digit of 711591272?
2
What is the tens digit of 19005822?
2
What is the thousands digit of 108090151?
0
What is the ten millions digit of 1915674868?
1
What is the thousands digit of 18732306?
2
What is the billions digit of 4412163901?
4
What is the ten millions digit of 1338871560?
3
What is the thousands digit of 26386663?
6
What is the ten thousands digit of 1585887248?
8
What is the ten millions digit of 626170635?
2
What is the hundred thousands digit of 7240106572?
1
What is the ten thousands digit of 220204733?
0
What is the millions digit of 38040908?
8
What is the units digit of 405421746?
6
What is the billions digit of 8223898815?
8
What is the ten millions digit of 2037462211?
3
What is the tens digit of 83048710?
1
What is the hundred thousands digit of 90652999?
6
What is the thousands digit of 47410343?
0
What is the ten millions digit of 113744946?
1
What is the ten thousands digit of 394829209?
2
What is the thousands digit of 869319533?
9
What is the hundred thousands digit of 4072917346?
9
What is the tens digit of 5259582587?
8
What is the billions digit of 1143354504?
1
What is the hundred thousands digit of 25046049?
0
What is the ten thousands digit of 270100691?
0
What is the ten millions digit of 4558409963?
5
What is the hundred thousands digit of 32478660?
4
What is the millions digit of 40486100?
0
What is the units digit of 64873472?
2
What is the units digit of 48934677?
7
What is the billions digit of 2844310186?
2
What is the ten millions digit of 30732848?
3
What is the ten millions digit of 48618380?
4
What is the hundred thousands digit of 304986022?
9
What is the units digit of 63829814?
4
What is the thousands digit of 18929284?
9
What is the units digit of 313579819?
9
What is the units digit of 2140327796?
6
What is the millions digit of 37735369?
7
What is the tens digit of 21157295?
9
What is the hundred millions digit of 348892154?
3
What is the ten thousands digit of 1694125943?
2
What is the tens digit of 366829745?
4
What is the hundreds digit of 65066855?
8
What is the hundred thousands digit of 6344759?
3
What is the hundred thousands digit of 8246417?
2
What is the thousands digit of 1419957226?
7
Wha